d360 + 4?
d364
In base 7, what is 152646 + 10?
152656
In base 6, what is -3 - 1245205?
-1245212
In base 13, what is 0 + 7306?
7306
In base 12, what is 1 + -aa467?
-aa466
In base 11, what is 32150 + -3?
32148
In base 10, what is -16129 - -29?
-16100
In base 10, what is 72 + -1861?
-1789
In base 14, what is 147 - -5104?
524b
In base 10, what is 95 - 192?
-97
In base 11, what is -5 - -179a3?
17999
In base 3, what is 0 + 1222122021?
1222122021
In base 8, what is -6406 - -144?
-6242
In base 9, what is 23855 + 5?
23861
In base 14, what is 1 - b3c73?
-b3c72
In base 10, what is 2 - -87756?
87758
In base 8, what is 7 - 3723?
-3714
In base 9, what is 28 + -5041?
-5012
In base 7, what is -3 + -315156?
-315162
In base 8, what is 157 + -21163?
-21004
In base 10, what is -1116 - 561?
-1677
In base 2, what is 1010100010 + 10010110101?
11101010111
In base 15, what is 732 - aa?
677
In base 12, what is 8949 + -92?
8877
In base 9, what is 0 + 4151?
4151
In base 7, what is 10530546 + 0?
10530546
In base 14, what is -11 - -3a13?
3a02
In base 12, what is 22257 + -5?
22252
In base 11, what is -5a90 - -66?
-5a25
In base 15, what is c91c1 - 2?
c91be
In base 3, what is 202 + 122000210?
122001112
In base 3, what is 22201 + 22122?
122100
In base 13, what is 258 + -50?
208
In base 8, what is 562733 + -1?
562732
In base 11, what is 0 - -118200?
118200
In base 7, what is -4 + -54455?
-54462
In base 2, what is -1010111011 + -1110011?
-1100101110
In base 10, what is 0 - -8347?
8347
In base 2, what is -101 - -1101110111110001?
1101110111101100
In base 14, what is 10 + -1cc31?
-1cc21
In base 2, what is 1001 - 1110110100101110?
-1110110100100101
In base 14, what is -4 - -474b7?
474b3
In base 4, what is -12002110 - 1033?
-12003203
In base 9, what is 2881606 - 4?
2881602
In base 4, what is 1030 + -2231?
-1201
In base 8, what is -2 + -22115?
-22117
In base 3, what is -22221 + 1022202120?
1022102122
In base 3, what is -10122020020 - 10?
-10122020100
In base 16, what is 35a + -d?
34d
In base 3, what is 10 + -202220000?
-202212220
In base 7, what is -3 - -2411644?
2411641
In base 2, what is -111000010 - 1110011?
-1000110101
In base 8, what is 6 - -2127?
2135
In base 9, what is 213 + 2643?
2856
In base 13, what is 2ab - -259?
537
In base 7, what is 36 - -2154032?
2154101
In base 12, what is -23 - -1510?
14a9
In base 7, what is 60435 + 0?
60435
In base 15, what is 1875 - -15?
188a
In base 3, what is -201 + 1120000?
1112022
In base 6, what is 432134 - -31?
432205
In base 12, what is 32 + -59?
-27
In base 4, what is 23212 + 122?
30000
In base 16, what is 185a + 38?
1892
In base 13, what is 3a752 + 7?
3a759
In base 4, what is -2311 + 132100?
123123
In base 11, what is 17 + -a73?
-a57
In base 11, what is -25 - 23587a?
-2358a4
In base 3, what is -1022102 - -1211?
-1020121
In base 11, what is 4 + 4289?
4292
In base 7, what is -334010 - -4?
-334003
In base 6, what is 2 + 25120?
25122
In base 10, what is 35721 + 0?
35721
In base 10, what is 36022 - -1?
36023
In base 9, what is 2271 - -6?
2277
In base 7, what is 2 + -1234225?
-1234223
In base 6, what is 1155 - 2542?
-1343
In base 5, what is 2044132230 + 10?
2044132240
In base 16, what is f62a - -f?
f639
In base 7, what is 1216613 + -14?
1216566
In base 13, what is -4 + -206b3?
-206b7
In base 2, what is 101011 - -110101001111?
110101111010
In base 4, what is -3030 - 310?
-10000
In base 16, what is -15 - -1f0?
1db
In base 10, what is 4 - -584133?
584137
In base 7, what is 3326 + 62?
3421
In base 2, what is 10111011100011 + -110000111?
10110101011100
In base 8, what is 100031 - 117?
77712
In base 5, what is -11 - 434243?
-434304
In base 10, what is -6 + 3721?
3715
In base 8, what is -1422 + 5?
-1415
In base 4, what is 2210301 - 102?
2210133
In base 10, what is -1675209 - -5?
-1675204
In base 13, what is 4 - -10204?
10208
In base 12, what is 5 + 7544a?
75453
In base 8, what is -22 + -5350?
-5372
In base 10, what is -1091500 + 1?
-1091499
In base 14, what is 22a + 34?
260
In base 9, what is 1001 + -26?
864
In base 5, what is -1044 + 41024?
34430
In base 10, what is -5 + 271647?
271642
In base 16, what is 2f78 - -5?
2f7d
In base 5, what is 0 + 24231204?
24231204
In base 2, what is -11100101 - -111000001000?
110100100011
In base 4, what is 1023113 - 332?
1022121
In base 3, what is -12 - -210111010?
210110221
In base 12, what is 2 - -237a0?
237a2
In base 3, what is 1212110020211 - 20?
1212110020121
In base 3, what is -11 - 200011111?
-200011122
In base 5, what is 2 - 212340?
-212333
In base 7, what is 2 + 22152?
22154
In base 7, what is 4 - 1556412?
-1556405
In base 4, what is 11 - -12102001?
12102012
In base 8, what is -2014 + 162?
-1632
In base 10, what is 79 + 460?
539
In base 8, what is -617604 + 2?
-617602
In base 3, what is 1200 + -10001102?
-2222202
In base 10, what is 27501 - 0?
27501
In base 5, what is -22003414 - -4?
-22003410
In base 9, what is 40507 + 4?
40512
In base 11, what is -14586 - -22?
-14564
In base 15, what is -38a5 - a?
-38b0
In base 3, what is -1100200 - -1122211?
22011
In base 6, what is -103 + -450245?
-450352
In base 16, what is -1 - 483?
-484
In base 7, what is -1013 - -610?
-103
In base 15, what is -12 - -d57?
d45
In base 11, what is 55a - 1924?
-1375
In base 8, what is 17 + 324122?
324141
In base 11, what is -16501a - 1?
-165020
In base 12, what is -2 + 170892?
170890
In base 7, what is -1 + -6523?
-6524
In base 10, what is -80854 - -6?
-80848
In base 10, what is -21 + -69929?
-69950
In base 12, what is -3b094 + 11?
-3b083
In base 7, what is 2 + -323240?
-323235
In base 8, what is 1 + -3216?
-3215
In base 10, what is -40782 + -11?
-40793
In base 10, what is -2331770 + 2?
-2331768
In base 10, what is -661 + 56?
-605
In base 6, what is 1 - -2131424?
2131425
In base 4, what is -11 + 232122130?
232122113
In base 16, what is 3 - a550?
-a54d
In base 5, what is 1 - 31?
-30
In base 3, what is 2110122021 + 112?
2110122210
In base 5, what is -31041 - 20?
-31111
In base 7, what is -2004 - 40?
-2044
In base 5, what is -42 + 212123?
212031
In base 5, what is 1221101 - -30?
1221131
In base 15, what is 3 + 1e364?
1e367
In base 9, what is 1 + -40283?
-40282
In base 6, what is 2412 + -1202?
1210
In base 4, what is 102203031 + 3?
102203100
In base 3, what is -10022220101011 - -10?
-10022220101001
In base 12, what is 247a7 + 13?
247ba
In base 4, what is 20303130 + -301?
20302223
In base 7, what is 56 - -2005?
2064
In base 10, what is -678 - -1?
-677
In base 12, what is 438283 - 2?
438281
In base 12, what is a16b - -216?
a385
In base 13, what is -20 + -20c4?
-2114
In base 2, what is -10101100 + 11011111011101?
11011100110001
In base 9, what is 3 - -168065?
168068
In base 8, what is 644260 + -3?
644255
In base 6, what is -3 - 51013?
-51020
In base 14, what is -1 - -31ca5?
31ca4
In base 7, what is -4646 + -1?
-4650
In base 9, what is -1364818 + 3?
-1364815
In base 8, what is -2 - -272616?
272614
In base 16, what is 640 + 7?
647
In base 14, what is 28ca - -5?
28d1
In base 9, what is -3 + 8763?
8760
In base 2, what is 111011111110 - 1?
111011111101
In base 11, what is 5 + -22506?
-22501
In base 9, what is 1111 - -13?
1124
In base 15, what is 4d5330 - 0?
4d5330
In base 15, what is -122 + -253?
-375
In base 3, what is -122 + 11101122101?
11101121202
In base 16, what is b5 + 2a9b?
2b50
In base 5, what is -20 - 4233?
-4303
In base 15, what is 22b83 + 2?
22b85
In base 16, what is 15aa - b?
159f
In base 10, what is 6 - 805?
-799
In base 2, what is -10101 + 100110101001011?
100110100110110
In base 3, what is -22 - 202022021?
-202022120
In base 16, what is -4 - 3988c?
-39890
In base 11, what is -2 - -6398?
6396
In base 3, what is 10 + 1112120121?
1112120201
In base 15, what is -1c816 + -4?
-1c81a
In base 7, what is -5 + 55122?
55114
In base 12, what is -8 + 4307?
42bb
In base 2, what is 1111100000000111 + 100?
1111100000001011
In base 10, what is 17 - -732?
749
In base 8, what is 445 + 163?
630
In base 5, what is 1230040013 + -10?
1230040003
In base 2, what is -10010100101 - -1111010010?
-11010011
In base 7, what is 11 - -504336?
504350
In base 13, what is 0 - a57?
-a57
In base 4, what is 133023 - 1200?
131223
In base 15, what is 67b + -22?
659
In base 11, what is -11160 - 4?
-11164
In base 9, what is 1707 + 447?
2255
In base 12, what is -8 + 989?
98